?
0
What is the thousands digit of 2045?
2
What is the ten thousands digit of 20465?
2
What is the hundreds digit of 100?
1
What is the hundreds digit of 172?
1
What is the hundreds digit of 292?
2
What is the hundreds digit of 8437?
4
What is the hundreds digit of 16159?
1
What is the hundreds digit of 2104?
1
What is the tens digit of 4883?
8
What is the hundreds digit of 444?
4
What is the thousands digit of 3363?
3
What is the ten thousands digit of 11020?
1
What is the thousands digit of 6386?
6
What is the units digit of 26?
6
What is the units digit of 5689?
9
What is the units digit of 1515?
5
What is the hundreds digit of 1297?
2
What is the units digit of 1493?
3
What is the tens digit of 24601?
0
What is the tens digit of 24806?
0
What is the units digit of 340?
0
What is the tens digit of 67?
6
What is the units digit of 36442?
2
What is the thousands digit of 113579?
3
What is the units digit of 2228?
8
What is the tens digit of 3307?
0
What is the thousands digit of 2988?
2
What is the units digit of 2597?
7
What is the units digit of 2812?
2
What is the thousands digit of 1365?
1
What is the units digit of 24703?
3
What is the tens digit of 10541?
4
What is the units digit of 7565?
5
What is the units digit of 5804?
4
What is the hundreds digit of 9716?
7
What is the hundreds digit of 794?
7
What is the tens digit of 99353?
5
What is the thousands digit of 27490?
7
What is the tens digit of 57316?
1
What is the hundreds digit of 970?
9
What is the tens digit of 144012?
1
What is the tens digit of 2840?
4
What is the units digit of 1861?
1
What is the ten thousands digit of 15699?
1
What is the hundreds digit of 917?
9
What is the units digit of 1630?
0
What is the thousands digit of 10348?
0
What is the units digit of 809?
9
What is the units digit of 101294?
4
What is the tens digit of 3031?
3
What is the tens digit of 33708?
0
What is the thousands digit of 2864?
2
What is the thousands digit of 8722?
8
What is the units digit of 111296?
6
What is the hundreds digit of 8135?
1
What is the thousands digit of 6631?
6
What is the ten thousands digit of 13100?
1
What is the thousands digit of 8453?
8
What is the thousands digit of 15883?
5
What is the hundreds digit of 50600?
6
What is the hundreds digit of 308?
3
What is the hundreds digit of 953?
9
What is the tens digit of 735?
3
What is the units digit of 742?
2
What is the units digit of 4061?
1
What is the tens digit of 730?
3
What is the thousands digit of 5827?
5
What is the tens digit of 300?
0
What is the thousands digit of 58517?
8
What is the tens digit of 234?
3
What is the units digit of 5949?
9
What is the tens digit of 291?
9
What is the units digit of 15245?
5
What is the hundreds digit of 4163?
1
What is the units digit of 4792?
2
What is the units digit of 209?
9
What is the units digit of 2705?
5
What is the units digit of 797?
7
What is the units digit of 84996?
6
What is the tens digit of 3732?
3
What is the units digit of 2613?
3
What is the hundreds digit of 16791?
7
What is the thousands digit of 1249?
1
What is the units digit of 86821?
1
What is the tens digit of 929?
2
What is the units digit of 8745?
5
What is the hundreds digit of 9658?
6
What is the thousands digit of 32351?
2
What is the units digit of 991?
1
What is the tens digit of 787?
8
What is the ten thousands digit of 11975?
1
What is the units digit of 1510?
0
What is the tens digit of 83054?
5
What is the ten thousands digit of 105089?
0
What is the thousands digit of 40120?
0
What is the thousands digit of 11783?
1
What is the tens digit of 2834?
3
What is the hundreds digit of 174?
1
What is the units digit of 678?
8
What is the tens digit of 9346?
4
What is the tens digit of 23833?
3
What is the units digit of 2501?
1
What is the hundreds digit of 19839?
8
What is the units digit of 881?
1
What is the ten thousands digit of 44587?
4
What is the hundreds digit of 4983?
9
What is the ten thousands digit of 39584?
3
What is the tens digit of 2465?
6
What is the tens digit of 963?
6
What is the thousands digit of 2946?
2
What is the units digit of 181?
1
What is the tens digit of 916?
1
What is the units digit of 53760?
0
What is the thousands digit of 63529?
3
What is the thousands digit of 34091?
4
What is the ten thousands digit of 32727?
3
What is the hundreds digit of 689?
6
What is the tens digit of 7070?
7
What is the units digit of 69752?
2
What is the tens digit of 301?
0
What is the hundreds digit of 1560?
5
What is the tens digit of 1102?
0
What is the thousands digit of 52772?
2
What is the units digit of 2854?
4
What is the hundreds digit of 1543?
5
What is the units digit of 13736?
6
What is the hundred thousands digit of 176930?
1
What is the thousands digit of 1446?
1
What is the hundreds digit of 2915?
9
What is the hundreds digit of 208?
2
What is the units digit of 166?
6
What is the thousands digit of 74467?
4
What is the tens digit of 2935?
3
What is the hundreds digit of 6964?
9
What is the hundreds digit of 7290?
2
What is the thousands digit of 1103?
1
What is the tens digit of 27470?
7
What is the thousands digit of 5918?
5
What is the units digit of 28381?
1
What is the hundreds digit of 3834?
8
What is the tens digit of 4206?
0
What is the thousands digit of 1288?
1
What is the units digit of 2187?
7
What is the hundreds digit of 714?
7
What is the hundreds digit of 1925?
9
What is the tens digit of 10621?
2
What is the tens digit of 10411?
1
What is the hundreds digit of 9203?
2
What is the thousands digit of 5973?
5
What is the tens digit of 791?
9
What is the tens digit of 167471?
7
What is the tens digit of 1198?
9
What is the units digit of 6191?
1
What is the hundreds digit of 50997?
9
What is the hundreds digit of 64147?
1
What is the ten thousands digit of 34475?
3
What is the tens digit of 409?
0
What is the units digit of 292?
2
What is the ten thousands digit of 32746?
3
What is the hundreds digit of 5134?
1
What is the units digit of 28153?
3
What is the units digit of 447?
7
What is the units digit of 1071?
1
What is the hundreds digit of 6673?
6
What is the units digit of 4975?
5
What is the units digit of 24383?
3
What is the hundreds digit of 425?
4
What is the tens digit of 30209?
0
What is the hundreds digit of 10179?
1
What is the hundreds digit of 32805?
8
What is the units digit of 24901?
1
What is the tens digit of 563?
6
What is the hundred thousands digit of 120661?
1
What is the hundreds digit of 662?
6
What is the hundreds digit of 8060?
0
What is the hundreds digit of 11418?
4
What is the tens digit of 1430?
3
What is the thousands digit of 3017?
3
What is the thousands digit of 12588?
2
What is the hundreds digit of 215?
2
What is the thousands digit of 167046?
7
What is the tens digit of 10214?
1
What is the units digit of 345?
5
What is the units digit of 1907?
7
What is the units digit of 852?
2
What is the hundreds digit of 37535?
5
What is the hundreds digit of 20066?
0
What is the ten thousands digit of 25877?
2
What is the tens digit of 6141?
4
What is the thousands digit of 10844?
0
What is the hundreds digit of 12517?
5
What is the ten thousands digit of 85667?
8
What is the units digit of 438?
8
What is the tens digit of 8119?
1
What is the tens digit of 1727?
2
What is the tens digit of 5130?
3
What is the tens digit of 68927?
2
What is the hundreds digit of 1269?
2
What is the tens digit of 20805?
0
What is the units digit of 344?
4
What is the units digit of 3399?
9
What is the ten thousands digit of 13205?
1
What is the tens digit of 55815?
1
What is the tens digit of 1023?
2
What is the hundreds digit of 12683?
6
What is the thousands digit of 1276?
1
What is the thousands digit of 16037?
6
What is the hundreds digit of 3693?
6
What is the thousands digit of 1774?
1
What is the tens digit of 589?
8
What is the tens digit of 2089?
8
What is the thousands digit of 14977?
4
What is the units digit of 26883?
3
What is the thousands digit of 2541?
2
What is the units digit of 3280?
0
What is the hundreds digit of 2535?
5
What is the thousands digit of 37110?
7
What is the tens digit of 7189?
8
What is the ten thousands digit of 13562?
1
What is the hundreds digit of 65159?
1
What is the thousands digit of 7242?
7
What is 